Let q(c) = 16*c**2 + c. Let t = -913 + 912. Determine q(t).
15
Let f(x) = x**2 - 2. Let a be f(0). Let t(b) = 0 + 4 - 3*b + 2*b**2 - 6. Let y(i) = -2*i**2 + 4*i + 3. Let c(p) = 4*t(p) + 3*y(p). What is c(a)?
9
Let w(s) = 7*s**3 - s**2. Let m(h) = h**3 - 8*h**2 - 10*h + 8. Let x(t) = -7*t + 1. Let o be x(-5). Suppose -8*z + 36 = -o. Let v be m(z). Calculate w(v).
-8
Let o(d) = -d**2 + d**3 + 1 - 4*d**3 + 3*d - 2*d. Let f be o(-1). Let h(g) = 2*g - 3. Determine h(f).
1
Let f be -4 + 45 + -1 + 0. Let o be (-16)/f - 37/(-5). Let r(u) = u - 2 - u**2 + 8 + 5*u + 1. Determine r(o).
0
Let z(n) = n**2 - 2*n + 3. Suppose -7*i = -9*i + 4. Let t be (-247)/(-91) + i/7. Calculate z(t).
6
Let h(o) = -2 + 3 - 3*o - 5. Suppose 88*q - 99*q - 66 = 0. Give h(q).
14
Let h(v) = -v**3 - 11*v**2 - 10*v - 1. Let q be h(-10). Let a be (-7)/(-1) - 4 - q. Let d(o) = -o + 2. Calculate d(a).
-2
Suppose -5*v + 2*u = -21, 4 = -v - 5*u - 8. Let t(r) = -29*r**2 - 34*r + 7. Let o(i) = -8*i**2 - 9*i + 2. Let j(s) = -11*o(s) + 3*t(s). Determine j(v).
-1
Let g(i) = i**2 + 2*i + 3. Let p be g(-2). Suppose p*u - 33 = 3*a, 4*u + 2*a - 10 = 2*u. Let d(n) = -n**3 + 8*n**2 + 6. Calculate d(u).
6
Let c(t) = t + 8. Let m(w) = -w**3 - 4*w**2 - 4. Let v be m(-4). Let x be (v + 2)*5/2. Determine c(x).
3
Let a be 6 + -6 + (3 - 2 - -8). Let l = 9 - 6. Let d(f) = -1 - l*f - a*f + 2*f + 0. Calculate d(1).
-11
Let z(h) = 2*h + 6. Suppose -2*l + 18*l + 160 = 0. Calculate z(l).
-14
Let l(q) = 21*q - 2. Suppose -295 = -21*s - 316. Give l(s).
-23
Let l(m) = 6*m + 1. Let w(r) = r**3 + 9*r**2 - 13*r - 31. Let d be w(-10). What is l(d)?
-5
Suppose 48 = -6*z + 18*z. Let h(b) = b**2 + 205*b - 200*b + 1 + z. Determine h(-4).
1
Let s(y) = -y**2 - 4*y + 5. Suppose -3*g + 5*l = 9, -6*g = -8*g - 3*l + 13. Suppose 0*r = 2*r + 4*a + g, -2*r + 4*a - 26 = 0. What is s(r)?
-16
Let v(q) = -q - 5. Let r = -1 - -22. Suppose -49 = 4*x + 5*t, 2*t = -x - t - r. Calculate v(x).
1
Suppose -49 = 4*g - 61. Suppose -16 = -c - g*c. Let s(h) = 3*h + 2. Determine s(c).
14
Let g(i) = i**2 + i - 2. Suppose n - 60 = -2*n. Suppose 26*x = n*x. What is g(x)?
-2
Let c be (2/(-3) + 80/12)*-2. Let i be (1 + 4/c)/(2/(-3)). Let b(o) = 6*o - 1. Calculate b(i).
-7
Let t(i) be the second derivative of 1/20*i**5 + 3/4*i**4 + 0 - 4*i**2 - 29*i - 1/6*i**3. What is t(-9)?
1
Let v(a) = 52 + a + 44 + 46 - 135. Give v(2).
9
Suppose 6*g + 10 + 32 = 0. Let n(y) = y**2 + 9*y + 6. Determine n(g).
-8
Suppose -5*l - 2*t - 113 = -25, -60 = 5*l - 5*t. Let s = l - -10. Let a(v) = -3*v**2 + v**2 + 5*v - 6 + 1 + 3*v**2. Give a(s).
1
Let k(i) be the third derivative of i**7/2520 - i**6/240 + i**5/60 + 11*i**4/24 + 19*i**2. Let o(m) be the second derivative of k(m). Give o(4).
6
Let y(a) = 2*a**3 + 21*a**2 - 2*a - 18. Let s(z) = 5*z**3 + 63*z**2 - 5*z - 56. Let x(c) = 3*s(c) - 8*y(c). Calculate x(21).
-3
Let a(j) = -j**2 + 8*j - 9. Let s = 266 - 260. What is a(s)?
3
Let t(c) = c + 8. Suppose -31*h = -5*f - 29*h - 40, -3*h = -15. Give t(f).
2
Let l(w) be the first derivative of 0*w + 1/8*w**4 - 1/60*w**5 + 6 + 2*w**2 - 1/6*w**3. Let k(b) be the second derivative of l(b). Calculate k(3).
-1
Let h(q) = -3*q**3 + 11*q**2 - 10*q + 2*q**3 + 2 - 6. Let t(g) = -g**3 + 72*g**2 - 388*g - 518. Let y be t(66). Give h(y).
-4
Suppose 15*m - 11*m = 2*m. Let q(t) = t - 11. Determine q(m).
-11
Let y = -38 + 44. Let a(q) = q**3 + q**2 - q + 3. Let b be a(0). Let u(j) = 1 - j - 2*j**3 - 6*j - j**b + 7*j**2 + 2*j**3. Calculate u(y).
-5
Let p(d) = d + 3. Let j be p(7). Let w = j - 14. Let c be 1*(-1)/w*0. Let g(a) = -a**2 - a - 5. What is g(c)?
-5
Let a(q) = q - 5. Suppose i = 3*t - 0 + 1, 4 = -t + 4*i. Suppose t = 6*r - r - 2*r. Give a(r).
-5
Let v be 14/91 - 48/(-26). Let l(h) = -13*h**2 - h**3 + 18*h**v + 2*h**3 + 3*h + 1. Give l(-3).
10
Suppose 5 + 6 = t + b, 2*t = 4*b + 10. Let u(k) = -8*k + 2 - 15*k**2 - 10 + 16*k**2 - 4. Determine u(t).
-3
Let t(q) be the second derivative of -q**7/2520 - q**6/120 - q**5/40 - q**4/3 - 15*q. Let f(g) be the third derivative of t(g). What is f(-7)?
-10
Let h = -33 - -36. Let j be 3 - h*2/6. Suppose 3*w = -5*d - 2*w + 15, 2*d = j*w + 14. Let n(c) = -c**2 + 4*c + 7. Calculate n(d).
2
Let b(s) = 10*s - 4 + 1 + 0 + 5 - 3. Let u(f) = -f**2 + 6*f - 6. Let y be u(4). Let d be 2 + y + (2 - 5). Determine b(d).
9
Let r be (-27)/21 - -1 - (-260)/28. Let b(l) = -l**2 + 7*l - 3. Determine b(r).
-21
Let j(z) = z**3 + 11*z**2 + 2*z + 13. Suppose -47 = 3*l - 14. Determine j(l).
-9
Let q(z) = -2*z + 2. Let d be (5 - 6)/(1/7). Let p = d + 8. Let x be -3 + 0 - (-1)/p. What is q(x)?
6
Suppose 0 = -3*f + 5*o - 7, -f + 33 = -6*f + 3*o. Let p be 30/f - (-12)/9. Let s(y) = y**3 + 3*y**2 + 3*y + 2. Calculate s(p).
0
Suppose -2*y - 18 = h + y, -5*h - 3*y - 42 = 0. Let w(z) = 3*z - 1 + 2*z + 9 - 3*z. What is w(h)?
-4
Let c(j) be the first derivative of -j**2/2 + 2*j - 28. What is c(-3)?
5
Let q(j) = 583 + 3*j**3 - 2*j**3 + 587 + 22*j - 1177 - 2*j**3 + 21*j**2. Calculate q(22).
-7
Suppose 0 = 4*v + 25 - 65. Let w = 15 - v. Suppose 0 = -5*q - w - 5. Let d(s) = s**3 + 3*s**2 + 3*s. What is d(q)?
-2
Let m(d) be the third derivative of 0*d + 16*d**2 + 0 - 1/12*d**4 + 1/2*d**3. Calculate m(3).
-3
Let o = 462 - 453. Let s(u) = u - 11. What is s(o)?
-2
Let x(b) be the third derivative of b**5/60 - b**4/24 + 3*b**3/2 - 811*b**2. Give x(0).
9
Let o(y) = y**3 + 7*y**2 - 20*y - 20. Let v(m) = -4*m - 137. Let b be v(-32). Give o(b).
-2
Let k(y) be the first derivative of y**2/2 + 16*y + 37. Calculate k(0).
16
Let k be ((-2)/4 + 1)*(-1 - -1). Let a(x) be the second derivative of 0*x**3 - 1/2*x**2 - 2*x + k + 1/20*x**5 - 1/12*x**4. Determine a(0).
-1
Let q(u) = 3*u - 2 + 1 - 91*u**2 + 90*u**2. Let x(z) = -z**2 + 4*z + 25. Let f be x(7). Calculate q(f).
-5
Let m(v) = 0*v**2 - 5*v**2 + 9*v - v**2 + 5*v**2 - 8. What is m(3)?
10
Suppose -90 = -13*u - 17*u. Let k(g) = -g**2 - g - 2. Calculate k(u).
-14
Let a be (40/12)/(8/(-36)). Let s be 2/(-5) - 81/a. Let q(c) = c + 2*c + 16*c**2 + 1 - s - 15*c**2. Give q(-5).
6
Suppose 5*b + 1 - 19 = -n, 4*b - 21 = -3*n. Let i(a) = -6*a + 13. Give i(b).
-5
Let x be 3 + 58/(-6) - 2/(-3). Let v(l) = -4*l - 4. Calculate v(x).
20
Suppose -75 = -4*h - 3*z, -3*h - 3*z = 2*z - 70. Let t = -12 + h. Suppose 0 = -t*a - 9. Let n(c) = -c**2 - 6*c - 3. Calculate n(a).
6
Suppose -2*p - w + 6 = 0, -2*w - 4 = 3*p - 13. Let f(y) = 1 + 2*y + 0*y - 6*y - 4*y + y**p - 6*y**2. Suppose 4*j - 10*j + 42 = 0. Give f(j).
-6
Let j(i) = -i**3 - 4*i**2 + 5*i + 2. Suppose -2*p = -p - 2*n - 1, -3*n + 12 = 0. Suppose -3*f - p = -3*r, -3*r + 2*r = 4*f + 22. Calculate j(f).
2
Let c be (-80)/13 + (-2)/(-13). Let d be 8/6 + c/(-9). Let x(a) = -a + 0 - 2*a**2 + 1 - a**2 + 5*a**d. Determine x(1).
2
Suppose -4*g + 0*y = 3*y - 22, 0 = -y + 2. Suppose -4*s = s + 15, -3*s - 5 = g*z. Let v(n) = 3*n**2. What is v(z)?
3
Let c = -8 + 10. Suppose -2*z + 2 = -3*j - c, -2*j + 6 = 3*z. Let n = j + 3. Let b(o) = -o - 4. Calculate b(n).
-7
Let u(f) = -f**3 - 3*f**2 + 8*f + 3. Let o(j) = 4*j**2 - 19*j + 7. Let d be o(4). Determine u(d).
13
Let x be (-8)/(-2) - (2 + 2). Let y be (-12)/(-4 + 6) + x. Let p(s) = s**2 + 5*s - 8. Determine p(y).
-2
Let x(r) = r**2 - 52*r + 656. Let h be x(21). Let s(l) = -13*l - 1. What is s(h)?
-66
Suppose 5*f - 34 = -4. Let r(z) = 2*z**3 + 2*z**3 - 7*z + 0*z**3 - 5*z**3 - 3 + 7*z**2. Determine r(f).
-9
Let z(i) be the second derivative of 3*i**4/4 - 4*i**3/3 - 9*i**2/2 + 577*i. Calculate z(-1).
8
Suppose a = j - 5, -a = 3*j - j + 2. Let k(u) = u + 5. Calculate k(a).
1
Let d(v) = 1. Suppose 3*y = -y - 24. Let z(f) = -2*f - 15. Let s(x) = y*d(x) - z(x). Let p(m) = 4*m**2 - 2*m - 62. Let l be p(4). What is s(l)?
-3
Let f(w) = w**3 - 2*w**2 - 9*w. Suppose 3*u + 6 = 0, u = -5*r - 0*u + 18. Give f(r).
-4
Let a(d) = d**2 - 5*d. Suppose 4*p - j = 2*p + 69, 0 = 4*p + j - 147. Let s be (0 + -12)*(-18)/p. Give a(s).
6
Let h(d) = -d**3 + 4*d**2 - 3*d + 1. Let q(p) = -p**3 - 3*p**2 + 2. Let x be q(-3). Suppose -x*j + j = 3*f + 5, 5*f = -10. Let a be j/(-3) - (-10)/3. Give h(a).
1
Let k(x) be the third derivative of -1/24*x**4 + 6*x**2 + 1/120*x**6 + 0*x + 7/60*x**5 - 2/3*x**3 + 0. What is k(-7)?
3
Suppose -17 = -5*b + 38. Let g(h) = 3*h**3 + 6*h**2 - 7*h - 2. Let z(a) = 16*a**3 + 30*a